te the highest common factor of 10187 and 6263.
1
Calculate the greatest common divisor of 41 and 32499839.
41
What is the highest common divisor of 9261 and 7708176?
189
Calculate the greatest common divisor of 53082 and 27567.
27
What is the highest common factor of 12648360 and 1791960?
13080
Calculate the highest common factor of 8233848 and 2601.
153
Calculate the greatest common factor of 1916 and 1988668132.
1916
Calculate the greatest common factor of 592510 and 8255230.
3070
Calculate the greatest common divisor of 422131 and 3698.
43
Calculate the highest common factor of 596 and 19792564.
596
Calculate the greatest common divisor of 13260 and 161564260.
4420
What is the greatest common divisor of 1447200 and 1343520?
4320
Calculate the greatest common factor of 105917513 and 26.
13
Calculate the highest common factor of 20330806 and 2.
2
What is the highest common factor of 17896 and 8712?
8
What is the greatest common factor of 39192 and 426696?
552
What is the greatest common divisor of 205728922 and 14?
14
Calculate the greatest common divisor of 1270 and 1049528.
254
Calculate the greatest common factor of 42019781 and 69.
23
What is the greatest common factor of 8153230 and 3987304?
5762
Calculate the greatest common divisor of 948 and 408114.
474
What is the highest common factor of 72951614 and 916?
458
What is the greatest common factor of 161984396 and 19572?
6524
What is the greatest common factor of 25322 and 4601698?
2302
What is the highest common factor of 2340 and 4561560?
180
What is the highest common factor of 8548050 and 175?
175
What is the greatest common factor of 20 and 256844880?
20
What is the greatest common factor of 9810 and 10386?
18
Calculate the highest common divisor of 1148142 and 240.
6
Calculate the highest common factor of 241614 and 1342548.
558
What is the greatest common divisor of 18982110 and 185?
185
What is the highest common divisor of 11224 and 15980536?
488
Calculate the greatest common divisor of 1276 and 11657536.
1276
What is the greatest common divisor of 7946461 and 3272?
409
Calculate the highest common divisor of 963451 and 9701.
109
Calculate the greatest common factor of 7395217 and 1112.
139
Calculate the highest common factor of 471360620 and 3680.
460
What is the highest common factor of 3895 and 24211730?
205
What is the greatest common divisor of 502548 and 4584?
12
What is the highest common divisor of 627 and 11633757?
57
Calculate the greatest common factor of 99718 and 11388.
146
Calculate the highest common divisor of 39031524 and 577030.
6074
Calculate the greatest common factor of 78 and 7770178.
26
What is the highest common factor of 21225824 and 2528?
32
Calculate the greatest common divisor of 6347702 and 20254.
82
Calculate the greatest common factor of 6125395 and 1945.
5
Calculate the highest common divisor of 1062334 and 229502.
2366
Calculate the highest common divisor of 447 and 221350675.
149
Calculate the greatest common factor of 20312214 and 156.
78
What is the greatest common factor of 1194918 and 114?
6
What is the highest common divisor of 42560 and 12008?
152
Calculate the greatest common factor of 2015 and 3592621.
31
What is the highest common divisor of 149949 and 594?
9
What is the greatest common factor of 169758244 and 1780?
356
What is the greatest common divisor of 1095616 and 19186?
106
Calculate the greatest common divisor of 54 and 33189903.
9
What is the highest common factor of 740641 and 6171?
121
Calculate the greatest common divisor of 6538172 and 2628.
292
Calculate the greatest common divisor of 78510572 and 112.
28
Calculate the greatest common divisor of 371 and 15964607.
53
What is the greatest common divisor of 267 and 2344349?
89
Calculate the highest common factor of 1156488762 and 264.
66
What is the highest common factor of 219436 and 7864?
4
What is the highest common factor of 3442 and 31716309?
1721
What is the greatest common divisor of 4811623 and 4117?
23
What is the greatest common divisor of 140 and 10955920?
20
Calculate the greatest common divisor of 6133020 and 204.
12
Calculate the highest common factor of 200 and 11952840.
40
What is the greatest common divisor of 314479555 and 10?
5
Calculate the greatest common divisor of 180500 and 256.
4
What is the highest common divisor of 1938800 and 9990?
370
Calculate the highest common factor of 194058 and 5094.
18
Calculate the greatest common factor of 906 and 113872422.
906
Calculate the highest common divisor of 35806894 and 802.
802
What is the highest common factor of 217 and 3839101?
7
Calculate the greatest common factor of 27627899 and 69.
23
Calculate the highest common divisor of 19916 and 205036.
52
Calculate the highest common divisor of 1001738 and 1.
1
Calculate the highest common divisor of 209472 and 4800.
192
What is the highest common factor of 23766 and 112911567?
699
Calculate the greatest common divisor of 1362391 and 4273672.
3161
Calculate the greatest common divisor of 3646280 and 11880.
440
What is the greatest common divisor of 4403340 and 1962?
18
Calculate the greatest common factor of 354660 and 20355.
345
What is the greatest common divisor of 220601374 and 14?
14
Calculate the greatest common divisor of 72185 and 1400.
5
What is the greatest common factor of 4221873 and 203841?
639
What is the highest common divisor of 390 and 6800508?
78
What is the greatest common factor of 444657 and 12792567?
1653
What is the greatest common factor of 4482 and 3741723?
747
Calculate the highest common divisor of 7808 and 223016.
488
Calculate the highest common divisor of 2407 and 124001419.
2407
Calculate the greatest common divisor of 17464 and 53647225.
2183
What is the highest common factor of 1904111 and 1099941?
1363
What is the highest common divisor of 310 and 126541845?
155
Calculate the greatest common factor of 1458 and 701865.
81
What is the highest common divisor of 43745 and 2325215?
3365
Calculate the greatest common factor of 169723958 and 74.
74
Calculate the highest common factor of 173666 and 9230.
142
Calculate the greatest common factor of 4743 and 666128.
527
What is the greatest common factor of 134794649 and 68?
17
What is the greatest common divisor of 51415753 and 1685?
337
Calculate the greatest common factor of 1232479940 and 136.
68
Calculate the greatest common divisor of 8704486 and 35.
7
Calculate the highest common divisor of 19010 and 2570.
10
What is the greatest common factor of 5560 and 39710632?
1112
Calculate the greatest common factor of 902727 and 2323.
23
Calculate the highest common factor of 1460805570 and 1080.
270
What is the highest common factor of 2239862 and 575800?
5758
Calculate the greatest common divisor of 93680 and 67600.
80
Calculate the greatest common divisor of 62 and 14084261.
31
What is the greatest common factor of 21 and 411630471?
21
What is the highest common divisor of 390 and 4661440?
10
Calculate the greatest common divisor of 23988 and 1121696871.
5997
Calculate the highest common factor of 208614 and 945.
21
What is the highest common factor of 3096 and 4328552?
344
What is the highest common divisor of 54018184 and 8932?
1276
Calculate the greatest common factor of 4692 and 511911.
69
Calculate the greatest common divisor of 576 and 245243520.
576
What is the highest common divisor of 72 and 1367146692?
36
What is the highest common factor of 6726 and 3744102?
114
What is the highest common factor of 769608 and 88?
8
What is the highest common factor of 42 and 634333?
7
What is the highest common divisor of 572 and 645580?
52
Calculate the greatest common divisor of 288108906 and 4530.
906
What is the highest common divisor of 470 and 249391588?
94
Calculate the highest common divisor of 153110 and 6066670.
2510
Calculate the greatest common divisor of 10920 and 1941720.
120
What is the greatest common factor of 2259 and 40384896?
753
Calculate the greatest common divisor of 39 and 25330149.
39
Calculate the greatest common factor of 13401278 and 44.
22
What is the highest common factor of 10508292 and 114?
114
Calculate the highest common factor of 12100 and 168221460.
2420
What is the highest common factor of 72 and 38327247?
9
Calculate the highest common factor of 32922